-5*t + 167, 0 = 2*t - 2*w - 0*w - 74. What are the prime factors of t?
2, 17
Let z(h) = -h**3 + h**2 + h + 67. List the prime factors of z(0).
67
Let d(g) = g**3 + 8*g**2 + 7*g - 2. Let r be d(-7). List the prime factors of r + 0 + 16/1.
2, 7
Let b(p) = -p**3 + 9*p**2 + 12*p - 8. Let l be (-1)/(2/(-18)) - -1. List the prime factors of b(l).
2, 3
Suppose -4*n = n. Suppose 2*f - 3*f = -5*g - 93, -5*f + 4*g + 360 = n. List the prime factors of f/7 - (-4)/14.
2, 5
Let z = 51 - 8. What are the prime factors of z?
43
Suppose -5*x = -4*k + 201, -97 = -4*k + 2*k - x. What are the prime factors of k?
7
What are the prime factors of 2067/13 - (3 - 2)?
2, 79
Suppose -27 = -3*h + 2*s + 21, 2*h = 4*s + 24. Suppose -12*m - h = -15*m. What are the prime factors of m?
2, 3
Let r = 0 + 4. Suppose 0 = -3*a + 5*i + 69, -5*a - 7*i + r*i + 81 = 0. What are the prime factors of a?
2, 3
Let b = -89 - -159. What are the prime factors of b?
2, 5, 7
Let l(c) be the third derivative of c**6/120 + c**5/12 + c**4/8 + c**3/3 - 6*c**2. List the prime factors of l(-4).
2, 3
Let x(c) = 4*c**2 + 1. Let h be 1/3 - 28/12. List the prime factors of x(h).
17
Let h be (0/1)/3 + 4. Suppose -4*i = -2*p - 6, 6*p - 41 = p - h*i. What are the prime factors of p?
5
Let j(b) = b**3 + 3*b**2 - 1. Let x(y) = y**3 + 9*y**2 + 9*y + 6. Let s = 11 - 19. Let v be x(s). What are the prime factors of j(v)?
3
Suppose 0*f = 5*f. Suppose f = 2*b + 3*p + 4, -3*b - 4*p - 8 = -b. Suppose 2 = 3*o - b. List the prime factors of o.
2
List the prime factors of 94 - (272/153 + (-4)/(-18)).
2, 23
Let x = 13 + -9. What are the prime factors of ((-20)/x)/((-1)/2)?
2, 5
Let c(g) = g**2 + 6*g - 7. Let v(m) = 4*m. Let y be v(-2). Let j be c(y). Suppose 45 + j = 3*b. List the prime factors of b.
2, 3
Let v(z) = z + 0*z + 6 - 7. List the prime factors of v(7).
2, 3
Let i be 16 + (-2 - 1*-2). Let m = -24 - -13. Let j = i + m. What are the prime factors of j?
5
Let m(a) = -4*a - 2 + 11 + 4*a + a. List the prime factors of m(0).
3
Let z(v) = -57*v**3 - 2*v**2 + 1. List the prime factors of z(-1).
2, 7
Let v = -16 - -39. What are the prime factors of v?
23
Let j(z) = z**2 - 4*z. Let f be j(4). Suppose f*h - 33 = -h. What are the prime factors of h?
3, 11
What are the prime factors of ((0 - -9)*-6)/(-2)?
3
Suppose -5*k - 2*q + 4*q = -120, -3*k + 72 = q. List the prime factors of k.
2, 3
Suppose -4*x = -5*i - 72, 5*i - 5*x - 3 + 73 = 0. Let u(o) = -o**3 + o + 3. Let w be u(0). Let p = w - i. What are the prime factors of p?
19
Suppose 3*w - 4 - 5 = 0. Suppose 0 = -5*l + 5*q + 20, -2*q = w*l - q. List the prime factors of 0/2 - l - -4.
3
Suppose -4*w = f + 9, -4*f - 3 + 27 = -4*w. Let x(a) = a**3 - 3*a**2 + 3*a - 4. Let i be x(f). What are the prime factors of 2*(35/2)/i?
7
Suppose 0 = 2*z - 42 - 84. What are the prime factors of z?
3, 7
Let z be (-2)/2 + -1 + 0. Let r be (z + -5)/((-1)/(-5)). Let q = -23 - r. List the prime factors of q.
2, 3
Let g be 20/(-6)*9/(-6). Suppose 3 = 2*i - g. List the prime factors of i/6 - 4/(-3).
2
Suppose 0 = n - 2*f - 2, 3*n - 9 - 3 = 3*f. What are the prime factors of n?
2, 3
Let b be (-30)/(-4)*12/15. Suppose -y + 36 = 3*l, -2*l + b*l - 2*y = 58. List the prime factors of l.
13
Suppose 20 = -x - 3*x, -2*v + x + 73 = 0. Suppose -4*i = o + 19, 4*i = -3*o - v - 7. Let b = o - -15. List the prime factors of b.
2
Let r = -155 - -297. List the prime factors of r.
2, 71
Suppose -53 = 4*n - 389. Suppose 5*u = -0*u - 3*a + 179, 2*u - n = 5*a. What are the prime factors of u?
37
Suppose 5*o + 129 = -2*u, -2*u + 2*o - 103 = 19. Let v = 87 + u. Suppose -5*h + 3*q = -3, -7 = 2*h + 3*q - v. What are the prime factors of h?
3
Suppose f - 2 = -6. Let j(c) = -c**3 - 6*c**2 - 5*c - 5. Let w be j(f). Let m = -7 - w. What are the prime factors of m?
2, 5
Suppose -3*c + 3 + 1 = -z, 0 = 2*z - 5*c + 8. Let w = z + 7. Suppose w*x - 15 + 3 = 0. What are the prime factors of x?
2
Let i(d) be the first derivative of 3*d**3 + 3*d**2 + 6*d + 2. Let p(k) = -4*k**2 - 3*k - 3. Let c(v) = -2*i(v) - 5*p(v). List the prime factors of c(-2).
5
Suppose -14*x = -12*x - 472. List the prime factors of x.
2, 59
Let v(g) = -14*g**3 + 21*g**2 + 44*g + 17. Let w(u) = -5*u**3 + 7*u**2 + 15*u + 6. Let q(z) = -6*v(z) + 17*w(z). What are the prime factors of q(-6)?
2, 3
What are the prime factors of ((-4)/14)/1 - 429/(-7)?
61
Suppose 0*y - 16 = -4*y. Suppose 0 = l + x - 2*x - 4, -2*l = y*x + 22. What are the prime factors of l*2*(-33)/6?
11
Suppose 297 = -2*z + 5*z - 2*n, -5*z = -3*n - 495. List the prime factors of z.
3, 11
Suppose 0 = 4*i - 246 - 330. What are the prime factors of i?
2, 3
Let c(x) = -x**2 - 16*x + 1. Let k be c(-14). Suppose -4 = 2*f, -5*f = -z - 2*f + k. List the prime factors of z.
23
Let x be (-14)/(-4) + 3/(-6). What are the prime factors of x/(-6) + 62/4?
3, 5
Let s be ((-2)/6)/((-1)/15). Suppose -5*i + 13 = s*g - 7, -g - 5*i + 12 = 0. Suppose 5*f - 15 = -g*k, 2*k + 5 = 3*k + 5*f. What are the prime factors of k?
2, 5
Suppose -6*h = -4*h - 32. What are the prime factors of h?
2
Suppose -3*f = 6*f - 396. List the prime factors of f.
2, 11
Suppose 1028 = 5*t - 3*l, -l + 620 - 6 = 3*t. List the prime factors of t.
5, 41
Suppose -k - 7 = -2. Let n(y) = -y**3 - 6*y**2 - 6*y + 2. What are the prime factors of n(k)?
7
Let n = -15 + 15. Suppose 4*x - 45 + 21 = n. List the prime factors of x.
2, 3
Let t be ((-5)/10)/(1/(-4)). Suppose 5*c = 4*i - 26, -i + 1 = -3*c - t. List the prime factors of i.
3
Let z(b) = 4*b - 1. Let q be 24/(-20)*10/(-4). What are the prime factors of z(q)?
11
Let h be (-8 - -4) + (-12)/(-2). Suppose -h*t = 5*o - 0*o - 95, -3*o = t - 57. What are the prime factors of o?
19
Suppose 3*z - 12 = -a, -5*a - 2*z = -12 - 9. Suppose -a*h + 0*h = -15. Suppose h*r = -15, 4*q = q + 3*r + 42. List the prime factors of q.
11
Let g(s) = s**3 - 3*s**2 + s + 1. Let q be 1 + -2 + 3 + 1. Let z be g(q). Suppose 3*h - 7 = 2*f, -11 + 0 = h - z*f. What are the prime factors of h?
5
Let x(d) = d - 6. Let k be x(7). List the prime factors of (-3)/(9/(-21)) - k.
2, 3
Suppose 0*a + 4*a = 24. Let n(o) = o**3 - 6*o**2 - o + 4. Let z be n(a). Let m = 5 - z. What are the prime factors of m?
7
Let o(j) = 39*j - 12. List the prime factors of o(4).
2, 3
Let u = 3 + -1. Let o(y) = 7 + y**u + 0*y**2 - 8*y + 2*y**2 - 4*y**2. List the prime factors of o(-7).
2, 7
Let i be ((-2)/(-5))/(2/140). Suppose -4*n = 4*k - i, 6 - 1 = -5*n + 5*k. What are the prime factors of n?
3
Suppose 4*s + 269 = -2*q + s, 2*q + 248 = 4*s. What are the prime factors of q/4*(-4)/5?
2, 13
Let q(i) = -2*i**2 - i. Let m be q(-2). Let p be 4*1*m/(-8). Suppose 5*d - 17 = p. What are the prime factors of d?
2
Let l be 66/(-30) - (-2)/10. List the prime factors of 2/6*3 - l.
3
Suppose 0 = -4*t + 2*b + 402, 0 = 4*b - 4. What are the prime factors of t?
101
Let q(r) = r - 6. Let s be q(8). Suppose -2*z - i = 2*i - 1, -s*z = i - 3. Suppose -8 - 2 = -z*g. List the prime factors of g.
5
Let d be 27/(-18)*(-16)/6. Let r(s) = -s**3 + 4*s**2 + 4*s + 1. What are the prime factors of r(d)?
17
Suppose 3*c = -0*c + 15. List the prime factors of c.
5
Let c(m) = 2*m**2 + 8*m + 10. What are the prime factors of c(-6)?
2, 17
Let k be (-26)/(-12) - (-2)/(-12). Suppose 0*w - w + k = 0. List the prime factors of w.
2
Let g(j) = j**3 - 7*j**2 - 8*j + 4. Let q be g(8). Suppose 3*z + 2 - 19 = -5*s, 0 = -z + q*s + 34. List the prime factors of z.
2, 7
Suppose -106 = -5*t + 69. Suppose t = 4*u + 11. What are the prime factors of u?
2, 3
Let p(w) = -w**3 + 3*w**2 + w - 3. Let z be p(3). Suppose z = o - 16. What are the prime factors of o?
2
Suppose -4*b + 45 = -h + 2*h, 4*h - 100 = 4*b. What are the prime factors of h?
29
Suppose 3*f = -2*s + 91, 90 = 3*f + 4*s - s. What are the prime factors of f?
31
Let w(j) = -3*j**3 + 2*j**2 + 1. Let c be w(2). Let i be ((-4)/3)/((-5)/c). List the prime factors of (8 + 1 + i)*4.
2, 5
Let f be 9/(-3)*1*-1. Let z(g) = -2*g + 3 - f*g + 7*g. What are the prime factors of z(4)?
11
Suppose 0*a - 3*a + 159 = 3*l, 4*a - 212 = 4*l. What are the prime factors of a?
53
Suppose 0 = -4*g + 30 + 310. What are the prime factors of g?
5, 17
Let h(u) = u**2 - u + 7. Suppose -3*n = -n. What are the prime factors of h(n)?
7
Let i(k) = k**2 - 7*k + 10. What are the p